 6*j - 6. Let i(w) = s*t(w) + 3*d(w). Give i(-2).
-3
Let k(g) = -g**2 - 11*g - 6. Suppose -5*m = -m - 3*h - 15, 0 = m - 2*h. Let j(l) = -l. Let t(r) = m*j(r) - k(r). Let b(n) = 2*n + 2. Let z be b(-3). Give t(z).
2
Suppose -4*g = -2*d, 3*d = g - 2*g. Suppose -3*o - 2*o + 15 = g. Let n(z) = -z**2 + 2*z + 1. What is n(o)?
-2
Let h(s) = -2*s + 2. Let o(q) = q + 6. Let k be o(-3). Calculate h(k).
-4
Let s(i) = -17*i**3 + 5*i**2 - 4 - 5 + 7*i + 16*i**3. Suppose 15 = 2*z - 3*g, -3*g - 12 = -4*z + 15. Determine s(z).
-3
Let w(n) = 4*n + 3*n - 5*n + 1 + 0*n. Determine w(6).
13
Let s(o) = o**3 + o**2 + o + 2. Let g be s(0). Let u(z) = 2*z - z + 2*z - z - g. Give u(-5).
-12
Suppose 0 = 3*t - 5*z - 16, 2*t = -0*z - 3*z - 2. Let d(k) be the third derivative of -k**4/24 + k**3/6 - k**2. What is d(t)?
-1
Let f(d) = -d + 8. Let l(c) = c**2 - 5*c - 18. Let s be l(8). Determine f(s).
2
Suppose o = -5*o - 30. Let t(k) = 3*k + 5*k**2 - 6 + 4 - 3 - 4*k**2. Calculate t(o).
5
Let c be ((-6)/14)/(1/2)*7. Let y(s) = s**2 + 5*s + 4. What is y(c)?
10
Let m(n) = -2 + 12*n - 4*n - 9*n. Give m(4).
-6
Let q(v) = v**2 + 4*v + 1. Let u = -29 - -44. Let t = u + -5. Suppose 6 = -4*m - t. Determine q(m).
1
Let p(d) be the third derivative of 0*d - 1/60*d**5 + d**2 - 1/6*d**3 + 0*d**4 + 0. Give p(-2).
-5
Let a(c) = 0*c**2 + 4*c**2 + 0 - 5 - 7*c - 5*c**2. Determine a(-5).
5
Let x(r) = -r**3 + r - 1. Let h(k) = 4*k**3 - 3*k + 5. Let y(a) = -h(a) - 3*x(a). Determine y(0).
-2
Let z(v) be the second derivative of 4*v - 1/20*v**5 + 1/12*v**4 + 0 + 0*v**3 + 0*v**2. Determine z(0).
0
Suppose 5*h = 1 - 16. Let a(t) be the third derivative of -t**4/24 + t**3/6 - 3*t**2. Calculate a(h).
4
Let b(u) = -u**2 - 7*u - 7. Suppose 4*z + 4*t = 24, 3*t - 4 = z + 2. Suppose 0 = -z*w + 4*w + 6. Give b(w).
-1
Let c be -2 + 6 - (6 - 3). Let t(v) = -3*v + 1. What is t(c)?
-2
Suppose h - 4*h = 0. Let b(t) be the first derivative of t**5/20 - t**4/12 + t - 1. Let r(q) be the first derivative of b(q). Determine r(h).
0
Let y(a) = a**3 + 16*a**2 + a + 21. Let g be y(-16). Let b(t) = t**3 - 5*t**2 + t - 2. Calculate b(g).
3
Let k be (-1 - -1 - 1)*1. Let v(f) = -4*f**3 + f**2 + f + 2. Let y(o) = 8*o**3 - 2*o**2 - 2*o - 5. Let u(p) = 5*v(p) + 2*y(p). Calculate u(k).
4
Suppose -b - 18 = -4*b. Let g(z) be the third derivative of z**2 + 0*z + 1/12*z**4 + 1/15*z**5 + 1/60*z**b + 0*z**3 + 0. Calculate g(-2).
-4
Let j(t) = t**2 - 134*t + 136*t - 2*t**2. What is j(2)?
0
Let i(k) = -k**2 + 6*k - 3. Suppose 0 = -27*a + 29*a - 14. Calculate i(a).
-10
Let q = 9 - 15. Let l(h) = 2*h - 6*h**2 - h**3 + 0*h**3 + 59 - 52. Calculate l(q).
-5
Let f(u) = -5*u**3 - 9*u**2 - 7*u + 3. Let v(g) = -2*g**3 - 4*g**2 - 3*g + 2. Let m(i) = 3*f(i) - 7*v(i). Give m(0).
-5
Suppose -2*i + 9 = -5*z, 3 = 5*i + 2*z - 5. Let v(j) = -25 - 9*j + 4*j + 27. Calculate v(i).
-8
Let f(k) = -3*k + 8. Let i(x) = 2*x - 7. Let q(o) = -3*f(o) - 4*i(o). Suppose 2*g = -y - 3, 0*y + 3*y + 3 = -4*g. Give q(g).
1
Let q(o) be the second derivative of o**5/20 - 2*o**4/3 - o**3/3 - 7*o**2/2 - 6*o. Let x(y) = -7*y**2 - 2*y - 6. Let k(t) = 5*q(t) - 6*x(t). Determine k(-1).
-4
Let p(a) be the third derivative of 8*a**2 - 1/12*a**5 + 0*a**3 + 0*a + 7/24*a**4 + 0 - 1/120*a**6. Calculate p(-6).
-6
Let i(k) = 7*k**2 - k - 13. Let o(y) = 15*y**2 - 3*y - 27. Let n(u) = 13*i(u) - 6*o(u). What is n(-6)?
-1
Let s(y) be the third derivative of -y**6/120 - y**5/60 + 10*y**3/3 + 4*y**2. What is s(0)?
20
Let y(o) = 2*o + 4. Let m(u) = -u - 2. Let q(n) = 7*m(n) + 3*y(n). Let l(v) = v. Let z(i) = 4*l(i) + q(i). What is z(2)?
4
Let n(c) = -2 - 6 + 4 + c. Let m(z) = z**2 - z. Let j be m(-2). Calculate n(j).
2
Let f(i) be the third derivative of -i**6/120 + i**5/10 - 7*i**3/6 - 36*i**2. Determine f(6).
-7
Let i(s) = -s**3 - 8*s**2 + s - 1. Let g be i(-8). Let v(n) = 2*n + 11. What is v(g)?
-7
Let k(l) = -l**3 + 8*l**2 - 7*l - 2. Let q = -9 - -9. Suppose 6*f = f - 5*n + 20, q = -5*n - 15. What is k(f)?
-2
Let y be (-9 - -5)*2/(-4). Let f(v) = -v**2 - v + 1. Determine f(y).
-5
Let p(y) = 4*y**3 - y**2 + 1. Let d = 12 + -10. Suppose 3*i = -v - d*v - 9, -11 = -3*v + 2*i. What is p(v)?
4
Let q(m) = -m**3 - 6*m**2 - 10*m + 8*m - 5*m - 6. Suppose 4*s + 3 = 23. Suppose 19 = -4*h - 4*g - s, 5*g + 5 = 0. Calculate q(h).
4
Suppose 0 = -a - 4*a. Let v = a + -3. Let b(g) = -g**2 - 3*g + 3. Calculate b(v).
3
Let w(x) = x**2 + x + 1. Let o be w(-2). Suppose -2 = -o*v + 13. Let s(q) = 2*q**2 - 12*q + 1. Let f(h) = h**2 - 6*h. Let u(i) = -5*f(i) + 3*s(i). What is u(v)?
-2
Suppose 5*z = 2*i + 37, -2*z = 3*i - 0*i - 11. Let k(b) = 2*b - 3. What is k(z)?
11
Let h(j) be the second derivative of -j**5/60 + j**4/12 + j**3/3 + j**2 + j. Let i(q) be the first derivative of h(q). Let s = 5 - 7. Calculate i(s).
-6
Let c = 7 - 6. Let x(r) = r**2 - 8*r**2 - 5*r + 5*r + c. What is x(-1)?
-6
Let x(s) = -3*s**2 - 7*s - 1. Let k(v) = -10*v**2 - 22*v - 3. Let y(i) = 2*k(i) - 7*x(i). Suppose 0*w = 2*w + 5*t - 1, t + 1 = -w. What is y(w)?
-5
Let a = 4 - -15. Suppose -1 = 5*f + a. Let u(g) = -g**3 + g**2 + 1. Let w(h) = -4*h**3 + 6*h + 4. Let p(k) = 3*u(k) - w(k). Determine p(f).
7
Let g(o) = o**2 - 5*o + 7. Suppose -5 = -q - 1. Suppose 2*k + 21 = -q*r + 83, 3*r = 2*k + 43. Suppose -3*i = -0*i - r. Give g(i).
7
Let i(g) = -3*g**3 - 5*g**3 + 9*g**3 + 4*g**2 - 1. What is i(-2)?
7
Suppose -x + 5*y = -2*x + 18, 0 = 2*y - 6. Let s(j) = -6*j - 3. What is s(x)?
-21
Let r(s) = 2*s**2 - 4*s. Let v be (-6)/5*(-40)/16. Suppose 5*h + o - 8 = 8, 0 = -3*o + v. Calculate r(h).
6
Let p be (-4)/3*(-45)/6. Let r be 48/20*p/4. Let z(j) = -j - 2. Determine z(r).
-8
Let a(v) be the first derivative of -v**2/2 - 2*v + 3. Let x be a(-4). Let r(d) = d - d**3 - d + 3*d**2 - 2*d + 2. Calculate r(x).
2
Let j(h) = 3*h**2 + 25*h - 22. Let y(g) = -g**2 - 8*g + 7. Let v(t) = -2*j(t) - 7*y(t). Determine v(-5).
-10
Suppose -3*w - 6*c - 15 = -3*c, 0 = -c - 4. Let l(b) = 6*b**3 - 2*b**2 - 2*b - 1. Determine l(w).
-7
Let h(a) = 5*a**2 - a. Suppose -4 = 4*g - 4*p + 4, 3*g = -p + 6. What is h(g)?
4
Let x = -363/2 - -182. Let d(z) be the second derivative of 0 + 2*z - 1/20*z**5 - x*z**4 - 7/6*z**3 - z**2. Determine d(-5).
8
Let q = -2 + 2. Let d(z) be the second derivative of -z**4/12 - z**3/6 + 7*z**2/2 + 67*z. What is d(q)?
7
Let w = -1 + -4. Let b(k) = k + 6. Let f be b(w). Let m(s) = 5*s - 1. What is m(f)?
4
Let q be -3 + 6 - 8/4. Let g(w) = -1 - 2*w + 2 + 3*w + q. What is g(-5)?
-3
Let k(t) be the third derivative of t**7/5040 - t**6/144 - t**5/20 + t**2. Let u(b) be the third derivative of k(b). Calculate u(5).
0
Let z(u) = -u**2 + 6*u + 1. Let q(j) = -3*j**3 - 2*j - 2. Let w be q(-1). Determine z(w).
10
Let a(p) = -10*p**2 - 118*p**3 + 12*p + 57*p**3 + 7 + 60*p**3. What is a(-11)?
-4
Let f be 2/(-7) + 30/7. Suppose 5 + f = 3*t. Let h(i) = -i**2 + i. Let j(d) = -d**3 + 10*d**2 - 9*d - 1. Let k(m) = 5*h(m) + j(m). Calculate k(t).
5
Let r(v) = -v**2 + 7*v. Let j be -8*1/(-3)*(-6 - -9). Determine r(j).
-8
Let t(q) = -6*q + 1. Let f = 37 + -8. Let r = f + -18. Let z = r - 10. Determine t(z).
-5
Let u = -2 + -4. Let c(k) = -k**3 - 7*k**2 - 5*k. Let v be c(u). Let y(t) = t**3 + 7*t**2 + 6*t + 3. Give y(v).
3
Suppose -18*y = -6*y + 72. Let x(o) = -o**2 - 5*o + 6. Determine x(y).
0
Let w(y) be the third derivative of -y**5/60 - 7*y**4/24 - 7*y**3/6 - y**2. Let t be -3 - 7/3 - 3/(-9). Calculate w(t).
3
Let f be (3/(-2))/(2 - (-11)/(-6)). Let g(y) = y**2 + 8*y - 4. What is g(f)?
5
Let c be (3 + -7)*(-3)/4*2. Let s(r) = r**2 - 5*r. Determine s(c).
6
Let k(p) = -3*p + 4. Let x(l) = l**3 + 5*l**2 + 4*l - 2. Let g = -3 + -1. Let c be x(g). Let s be c/(-15)*-6*-5. Determine k(s).
-8
Suppose 3*t + 40 = -t. Let a be (5/t)/((-1)/10). Let j(o) = -o + 6. Give j(a).
1
Let y(x) = -x**3 + 4*x**2 + 6*x + 4. Suppose 4*a - 6*a - 12 = 0. Let t = a + 6. Suppose t = r - 3*r + 10. What is y(r)?
9
Let t(w) = 2*w**3 - 3*w**3 - 4*w + 3*w + 5*w**2. Suppose 0*a + 2*l + 28 = 4*a, 3*a = -5*l - 5. Calculate t(a).
-5
Let i(x) = -3*x**3 - 8*x**2 - 11*x + 13. Let j(r) be the first derivative of 8*r**2 - 1 + 4*r**3 - 20*r + 5/4*r**4. Let g(o) = 8*i(o) + 5*j(o). Give g(5).
-11
Suppose 5*x - 16 = -3*w + 6, 2*x = 4*w - 12. Suppose -w*d + 10 = d. Let o(m) = -m**2 - m + 3*m**2 + 0*m. Calculate o